{"id":36,"date":"2020-08-09T15:38:48","date_gmt":"2020-08-09T15:38:48","guid":{"rendered":"https:\/\/tmp1.rocska.hu\/?page_id=36"},"modified":"2024-09-04T17:13:38","modified_gmt":"2024-09-04T15:13:38","slug":"bemutatkozas","status":"publish","type":"page","link":"https:\/\/tamasikatalin.hu\/?page_id=36","title":{"rendered":"Bemutatkoz\u00e1s"},"content":{"rendered":"\n<div class=\"wp-block-group\"><div class=\"wp-block-group__inner-container is-layout-flow wp-block-group-is-layout-flow\">\n<div class=\"wp-block-media-text alignwide has-media-on-the-right is-stacked-on-mobile\" style=\"grid-template-columns:auto 23%\"><figure class=\"wp-block-media-text__media\"><img loading=\"lazy\" decoding=\"async\" width=\"674\" height=\"885\" src=\"https:\/\/tamasikatalin.hu\/wp-content\/uploads\/2021\/01\/foto1.jpg\" alt=\"\" class=\"wp-image-355\" srcset=\"https:\/\/tamasikatalin.hu\/wp-content\/uploads\/2021\/01\/foto1.jpg 674w, https:\/\/tamasikatalin.hu\/wp-content\/uploads\/2021\/01\/foto1-228x300.jpg 228w, https:\/\/tamasikatalin.hu\/wp-content\/uploads\/2021\/01\/foto1-46x60.jpg 46w\" sizes=\"auto, (max-width: 674px) 100vw, 674px\" \/><\/figure><div class=\"wp-block-media-text__content\">\n<p class=\"has-large-font-size\">Tam\u00e1si Katalin<\/p>\n<\/div><\/div>\n<\/div><\/div>\n\n\n\n<p>1996&nbsp;\u00f3ta dolgozom kozmetikusk\u00e9nt. Szakmailag folyamatosan k\u00e9pzem magam. Fontosnak tartom a min\u0151s\u00e9get \u00e9s a nyugalmat, ez\u00e9rt mindenkivel egy\u00e9nileg&nbsp;foglalkozom, a vend\u00e9g kezel\u00e9s k\u00f6zben pihen, t\u00f6lt\u0151dik,sz\u00e9p\u00fcl. A kozmetikai kezel\u00e9sek hangulata meghitt, a vend\u00e9g teljes pihen\u00e9s\u00e9t, ellazul\u00e1s\u00e1t, sz\u00e9p\u00fcl\u00e9s\u00e9t szolg\u00e1lj\u00e1k, term\u00e9szetesen mindenki sz\u00e1m\u00e1ra&nbsp;szem\u00e9lyre szabottan. Els\u0151 alkalommal elbesz\u00e9lget\u00e9s \u00e9s konzult\u00e1ci\u00f3 el\u0151zi meg a kozmetikai kezel\u00e9st. Filoz\u00f3fi\u00e1m &nbsp;holisztikus&nbsp;szeml\u00e9let\u0171, \u00fagy gondolom, a b\u0151r nem egy k\u00fcl\u00f6n\u00e1ll\u00f3 egys\u00e9g, az eg\u00e9sz szervezetet figyelembe kell venni annak kezel\u00e9sekor. Legfontosabb,hogy b\u0151re eg\u00e9szs\u00e9gess\u00e9 v\u00e1ljon, harm\u00f3ni\u00e1ba ker\u00fclj\u00f6n \u00f6nmag\u00e1val \u00e9s a&nbsp;k\u00fclvil\u00e1ggal! Viszont \u00f6nmag\u00e1ban nem el\u00e9g a kozmetikai kezel\u00e9s, a bels\u0151 folyamatainkat is meg kell t\u00e1mogatni, \u00e9letm\u00f3dbeli v\u00e1ltoz\u00e1st is be kell iktatni.<br><br>Hiszem, hogy term\u00e9szetes anyagokkal \u00e9rhetj\u00fck el az igazi sz\u00e9ps\u00e9get, folyamatosan keresem azokat az \u00faj term\u00e9keket \u00e9s elj\u00e1r\u00e1sokat ahol mesters\u00e9ges adal\u00e9kanyagok n\u00e9lk\u00fcl, eredm\u00e9nyesen kezelhetj\u00fck a b\u0151rprobl\u00e9m\u00e1kat.<\/p>\n\n\n\n<p>28 \u00e9ves gyakorlattal rendelkezem, az \u00e9vek sor\u00e1n a Dr. Hauschka kozmetikumok bizony\u00edtottak \u00e9s hozt\u00e1k a legjobb eredm\u00e9nyeket. Kozmetik\u00e1m k\u00edn\u00e1lat\u00e1ban \u00fajdons\u00e1gk\u00e9nt el\u00e9rhet\u0151ek a Martina Gebhardt \u00e9s Vintage Beauty kozmetikai kezel\u00e9sek is.<\/p>\n\n\n\n<p>A Martina Gebhardt term\u00e9kek mindegyike Demeter min\u0151s\u00edt\u00e9ssel rendelkezik, sz\u00e9lesk\u00f6r\u0171 term\u00e9kv\u00e1laszt\u00e9ka \u00e9s felhaszn\u00e1lhat\u00f3s\u00e1ga r\u00e9v\u00e9n lehet\u0151s\u00e9gem ny\u00edlik, hogy a vend\u00e9geim b\u0151r\u00e9t \u00e1llapot\u00e1nak megfelel\u0151en, individu\u00e1lisan kezeljem. A k\u00fcl\u00f6nb\u00f6z\u0151 b\u0151r\u00e1llapotoknak megfelel\u0151 arc\u00e1pol\u00e1si term\u00e9kek \u00e9s hat\u00f3anyagok r\u00e9v\u00e9n hat\u00e9kony kozmetikai kezel\u00e9sekkel tudom vend\u00e9geim egyedi ig\u00e9nyeit szolg\u00e1lni kozmetik\u00e1mban. A Martina Gebhardt kozmetika b\u0151r\u00e1pol\u00e1si szempontjai t\u00f6k\u00e9letesen illeszkednek ahhoz a holisztikus szeml\u00e9lethez, melyet kozmetikusk\u00e9nt \u00e9vek \u00f3ta k\u00e9pviselek!<\/p>\n\n\n\n<p>A Vintage Beauty term\u00e9kek a b\u0151rprobl\u00e9m\u00e1k megold\u00e1s\u00e1ra sz\u00fcletett kozmetikumok, melyek \u00faj \u00e9rtelmez\u00e9st adnak a b\u0151r\u00e1pol\u00e1snak. K\u00f6zel 60 saj\u00e1t fejleszt\u00e9s\u0171 term\u00e9kkel, 35 hazai \u00e9s nemzetk\u00f6zi d\u00edjjal rendelkezik. Magyarorsz\u00e1g egyik legtiszt\u00e1bb \u00e9s leghat\u00e1sosabb, Naturix min\u0151s\u00edt\u00e9s\u0171 kozmetikumcsal\u00e1dja, mellyel szem\u00e9lyre szabottan lehet kozmetikai kezel\u00e9seket v\u00e9gezni. <\/p>\n\n\n\n<p>\u201cA leghat\u00e1sosabb, legtiszt\u00e1bb \u00e9s legnemesebb anyagokkal dolgozunk, hogy a sz\u00e9ps\u00e9g\u00e1pol\u00e1s tudatos, hat\u00e1sos \u00e9s kisz\u00e1m\u00edthat\u00f3, kellemetlen meglepet\u00e9sekt\u0151l mentes legyen.\u201d<\/p>\n\n\n\n<p>Ez a VINTAGE BEAUTY<\/p>\n\n\n\n<p><\/p>\n\n\n\n<p><\/p>\n","protected":false},"excerpt":{"rendered":"<p>Tam\u00e1si Katalin 1996&nbsp;\u00f3ta dolgozom kozmetikusk\u00e9nt. Szakmailag folyamatosan k\u00e9pzem magam. Fontosnak tartom a min\u0151s\u00e9get \u00e9s a nyugalmat, ez\u00e9rt mindenkivel egy\u00e9nileg&nbsp;foglalkozom, a vend\u00e9g kezel\u00e9s k\u00f6zben pihen, t\u00f6lt\u0151dik,sz\u00e9p\u00fcl. A kozmetikai kezel\u00e9sek hangulata meghitt, &hellip; <\/p>\n","protected":false},"author":1,"featured_media":0,"parent":0,"menu_order":0,"comment_status":"closed","ping_status":"closed","template":"","meta":{"footnotes":""},"class_list":["post-36","page","type-page","status-publish","hentry"],"_links":{"self":[{"href":"https:\/\/tamasikatalin.hu\/index.php?rest_route=\/wp\/v2\/pages\/36","targetHints":{"allow":["GET"]}}],"collection":[{"href":"https:\/\/tamasikatalin.hu\/index.php?rest_route=\/wp\/v2\/pages"}],"about":[{"href":"https:\/\/tamasikatalin.hu\/index.php?rest_route=\/wp\/v2\/types\/page"}],"author":[{"embeddable":true,"href":"https:\/\/tamasikatalin.hu\/index.php?rest_route=\/wp\/v2\/users\/1"}],"replies":[{"embeddable":true,"href":"https:\/\/tamasikatalin.hu\/index.php?rest_route=%2Fwp%2Fv2%2Fcomments&post=36"}],"version-history":[{"count":13,"href":"https:\/\/tamasikatalin.hu\/index.php?rest_route=\/wp\/v2\/pages\/36\/revisions"}],"predecessor-version":[{"id":387,"href":"https:\/\/tamasikatalin.hu\/index.php?rest_route=\/wp\/v2\/pages\/36\/revisions\/387"}],"wp:attachment":[{"href":"https:\/\/tamasikatalin.hu\/index.php?rest_route=%2Fwp%2Fv2%2Fmedia&parent=36"}],"curies":[{"name":"wp","href":"https:\/\/api.w.org\/{rel}","templated":true}]}}

Bemutatkozás

<div class="wp-block-group"><div class="wp-block-group__inner-container is-layout-flow wp-block-group-is-layout-flow">
<div class="wp-block-media-text alignwide has-media-on-the-right is-stacked-on-mobile" style="grid-template-columns:auto 23%"><figure class="wp-block-media-text__media"><img loading="lazy" decoding="async" width="674" height="885" src="https://tamasikatalin.hu/wp-content/uploads/2021/01/foto1.jpg" alt="" class="wp-image-355" srcset="https://tamasikatalin.hu/wp-content/uploads/2021/01/foto1.jpg 674w, https://tamasikatalin.hu/wp-content/uploads/2021/01/foto1-228x300.jpg 228w, https://tamasikatalin.hu/wp-content/uploads/2021/01/foto1-46x60.jpg 46w" sizes="auto, (max-width: 674px) 100vw, 674px" /></figure><div class="wp-block-media-text__content">
<p class="has-large-font-size">Tamási Katalin</p>
</div></div>
</div></div>



<p>1996&nbsp;óta dolgozom kozmetikusként. Szakmailag folyamatosan képzem magam. Fontosnak tartom a minőséget és a nyugalmat, ezért mindenkivel egyénileg&nbsp;foglalkozom, a vendég kezelés közben pihen, töltődik,szépül. A kozmetikai kezelések hangulata meghitt, a vendég teljes pihenését, ellazulását, szépülését szolgálják, természetesen mindenki számára&nbsp;személyre szabottan. Első alkalommal elbeszélgetés és konzultáció előzi meg a kozmetikai kezelést. Filozófiám &nbsp;holisztikus&nbsp;szemléletű, úgy gondolom, a bőr nem egy különálló egység, az egész szervezetet figyelembe kell venni annak kezelésekor. Legfontosabb,hogy bőre egészségessé váljon, harmóniába kerüljön önmagával és a&nbsp;külvilággal! Viszont önmagában nem elég a kozmetikai kezelés, a belső folyamatainkat is meg kell támogatni, életmódbeli változást is be kell iktatni.<br><br>Hiszem, hogy természetes anyagokkal érhetjük el az igazi szépséget, folyamatosan keresem azokat az új termékeket és eljárásokat ahol mesterséges adalékanyagok nélkül, eredményesen kezelhetjük a bőrproblémákat.</p>



<p>28 éves gyakorlattal rendelkezem, az évek során a Dr. Hauschka kozmetikumok bizonyítottak és hozták a legjobb eredményeket. Kozmetikám kínálatában újdonságként elérhetőek a Martina Gebhardt és Vintage Beauty kozmetikai kezelések is.</p>



<p>A Martina Gebhardt termékek mindegyike Demeter minősítéssel rendelkezik, széleskörű termékválasztéka és felhasználhatósága révén lehetőségem nyílik, hogy a vendégeim bőrét állapotának megfelelően, individuálisan kezeljem. A különböző bőrállapotoknak megfelelő arcápolási termékek és hatóanyagok révén hatékony kozmetikai kezelésekkel tudom vendégeim egyedi igényeit szolgálni kozmetikámban. A Martina Gebhardt kozmetika bőrápolási szempontjai tökéletesen illeszkednek ahhoz a holisztikus szemlélethez, melyet kozmetikusként évek óta képviselek!</p>



<p>A Vintage Beauty termékek a bőrproblémák megoldására született kozmetikumok, melyek új értelmezést adnak a bőrápolásnak. Közel 60 saját fejlesztésű termékkel, 35 hazai és nemzetközi díjjal rendelkezik. Magyarország egyik legtisztább és leghatásosabb, Naturix minősítésű kozmetikumcsaládja, mellyel személyre szabottan lehet kozmetikai kezeléseket végezni. </p>



<p>“A leghatásosabb, legtisztább és legnemesebb anyagokkal dolgozunk, hogy a szépségápolás tudatos, hatásos és kiszámítható, kellemetlen meglepetésektől mentes legyen.”</p>



<p>Ez a VINTAGE BEAUTY</p>



<p></p>



<p></p>

<p>Tamási Katalin 1996&nbsp;óta dolgozom kozmetikusként. Szakmailag folyamatosan képzem magam. Fontosnak tartom a minőséget és a nyugalmat, ezért mindenkivel egyénileg&nbsp;foglalkozom, a vendég kezelés közben pihen, töltődik,szépül. A kozmetikai kezelések hangulata meghitt, &hellip; </p>
