{"id":52,"date":"2020-08-09T15:59:53","date_gmt":"2020-08-09T15:59:53","guid":{"rendered":"https:\/\/tmp1.rocska.hu\/?page_id=52"},"modified":"2026-01-06T10:49:12","modified_gmt":"2026-01-06T08:49:12","slug":"klasszikus-kozmetika","status":"publish","type":"page","link":"https:\/\/tamasikatalin.hu\/?page_id=52","title":{"rendered":"Klasszikus Kozmetika"},"content":{"rendered":"\n<p><strong>Klasszikus kozmetikai kezel\u00e9sek<\/strong><\/p>\n\n\n\n<figure class=\"wp-block-table is-style-regular\"><table class=\"has-fixed-layout\"><tbody><tr><td><strong>Szempillafest\u00e9s<\/strong><\/td><td class=\"has-text-align-center\" data-align=\"center\">2 500 Ft<\/td><\/tr><tr><td><strong>Szem\u00f6ld\u00f6kfest\u00e9s<\/strong><\/td><td class=\"has-text-align-center\" data-align=\"center\">2 000 Ft<\/td><\/tr><tr><td><strong>Bajuszsz\u0151k\u00edt\u00e9s<\/strong><\/td><td class=\"has-text-align-center\" data-align=\"center\">1 500 Ft<\/td><\/tr><tr><td><strong>Paraffinos k\u00e9z\u00e1pol\u00e1s<\/strong><\/td><td class=\"has-text-align-center\" data-align=\"center\">3 500 Ft<\/td><\/tr><tr><td><strong>Smink<\/strong><\/td><td class=\"has-text-align-center\" data-align=\"center\">10 000 Ft<\/td><\/tr><tr><td><strong>Smink esk\u00fcv\u0151i pr\u00f3b\u00e1val<\/strong><\/td><td class=\"has-text-align-center\" data-align=\"center\">20 000 Ft<\/td><\/tr><tr><td><strong>Smink tan\u00e1csad\u00e1s<\/strong><\/td><td class=\"has-text-align-center\" data-align=\"center\">10 000 Ft<\/td><\/tr><\/tbody><\/table><\/figure>\n\n\n\n<p><strong>Gyant\u00e1k<\/strong><\/p>\n\n\n\n<figure class=\"wp-block-table is-style-regular\"><table class=\"has-fixed-layout\"><tbody><tr><td><strong>Bajusz<\/strong><\/td><td class=\"has-text-align-center\" data-align=\"center\">1 500 Ft<\/td><\/tr><tr><td><strong>Szem\u00f6ld\u00f6k<\/strong><\/td><td class=\"has-text-align-center\" data-align=\"center\">1 500 Ft<\/td><\/tr><tr><td><strong>H\u00f3nalj<\/strong><\/td><td class=\"has-text-align-center\" data-align=\"center\">3 500 Ft<\/td><\/tr><tr><td><strong>Bikini I.<\/strong><\/td><td class=\"has-text-align-center\" data-align=\"center\">3 500 Ft<\/td><\/tr><tr><td><strong>Bikini II.<\/strong><\/td><td class=\"has-text-align-center\" data-align=\"center\">6 000 Ft<\/td><\/tr><tr><td><strong>Intim fazon<\/strong><\/td><td class=\"has-text-align-center\" data-align=\"center\">8 300 Ft<\/td><\/tr><tr><td><strong>Has<\/strong><\/td><td class=\"has-text-align-center\" data-align=\"center\">3 000 Ft<\/td><\/tr><tr><td><strong>Kar k\u00f6ny\u00e9kig<\/strong><\/td><td class=\"has-text-align-center\" data-align=\"center\">4 100 Ft<\/td><\/tr><tr><td><strong>Kar v\u00e9gig<\/strong><\/td><td class=\"has-text-align-center\" data-align=\"center\">5 300 Ft<\/td><\/tr><tr><td><strong>L\u00e1b t\u00e9rdig<\/strong><\/td><td class=\"has-text-align-center\" data-align=\"center\">5 300 Ft<\/td><\/tr><tr><td><strong>L\u00e1b v\u00e9gig<\/strong><\/td><td class=\"has-text-align-center\" data-align=\"center\">8 500 Ft<\/td><\/tr><tr><td><strong>H\u00e1t \u00e9s mellkas<\/strong><\/td><td class=\"has-text-align-center\" data-align=\"center\">10 600 Ft<\/td><\/tr><\/tbody><\/table><\/figure>\n","protected":false},"excerpt":{"rendered":"<p>Klasszikus kozmetikai kezel\u00e9sek Szempillafest\u00e9s 2 500 Ft Szem\u00f6ld\u00f6kfest\u00e9s 2 000 Ft Bajuszsz\u0151k\u00edt\u00e9s 1 500 Ft Paraffinos k\u00e9z\u00e1pol\u00e1s 3 500 Ft Smink 10 000 Ft Smink esk\u00fcv\u0151i pr\u00f3b\u00e1val 20 000 Ft &hellip; <\/p>\n","protected":false},"author":1,"featured_media":0,"parent":0,"menu_order":0,"comment_status":"closed","ping_status":"closed","template":"","meta":{"footnotes":""},"class_list":["post-52","page","type-page","status-publish","hentry"],"_links":{"self":[{"href":"https:\/\/tamasikatalin.hu\/index.php?rest_route=\/wp\/v2\/pages\/52","targetHints":{"allow":["GET"]}}],"collection":[{"href":"https:\/\/tamasikatalin.hu\/index.php?rest_route=\/wp\/v2\/pages"}],"about":[{"href":"https:\/\/tamasikatalin.hu\/index.php?rest_route=\/wp\/v2\/types\/page"}],"author":[{"embeddable":true,"href":"https:\/\/tamasikatalin.hu\/index.php?rest_route=\/wp\/v2\/users\/1"}],"replies":[{"embeddable":true,"href":"https:\/\/tamasikatalin.hu\/index.php?rest_route=%2Fwp%2Fv2%2Fcomments&post=52"}],"version-history":[{"count":15,"href":"https:\/\/tamasikatalin.hu\/index.php?rest_route=\/wp\/v2\/pages\/52\/revisions"}],"predecessor-version":[{"id":421,"href":"https:\/\/tamasikatalin.hu\/index.php?rest_route=\/wp\/v2\/pages\/52\/revisions\/421"}],"wp:attachment":[{"href":"https:\/\/tamasikatalin.hu\/index.php?rest_route=%2Fwp%2Fv2%2Fmedia&parent=52"}],"curies":[{"name":"wp","href":"https:\/\/api.w.org\/{rel}","templated":true}]}}