{"id":60,"date":"2020-08-09T16:01:10","date_gmt":"2020-08-09T16:01:10","guid":{"rendered":"https:\/\/tmp1.rocska.hu\/?page_id=60"},"modified":"2026-01-06T10:30:05","modified_gmt":"2026-01-06T08:30:05","slug":"martina-gebhardt-kezelesek","status":"publish","type":"page","link":"https:\/\/tamasikatalin.hu\/?page_id=60","title":{"rendered":"Martina Gebhardt kezel\u00e9sek"},"content":{"rendered":"\n<figure class=\"wp-block-gallery aligncenter has-nested-images columns-default is-cropped wp-block-gallery-1 is-layout-flex wp-block-gallery-is-layout-flex\">\n<figure class=\"wp-block-image size-medium\"><img loading=\"lazy\" decoding=\"async\" width=\"300\" height=\"279\" data-id=\"182\" src=\"https:\/\/tamasikatalin.hu\/wp-content\/uploads\/2020\/08\/pakolas4-300x279.jpg\" alt=\"\" class=\"wp-image-182\" srcset=\"https:\/\/tamasikatalin.hu\/wp-content\/uploads\/2020\/08\/pakolas4-300x279.jpg 300w, https:\/\/tamasikatalin.hu\/wp-content\/uploads\/2020\/08\/pakolas4-1024x952.jpg 1024w, https:\/\/tamasikatalin.hu\/wp-content\/uploads\/2020\/08\/pakolas4-768x714.jpg 768w, https:\/\/tamasikatalin.hu\/wp-content\/uploads\/2020\/08\/pakolas4-1536x1428.jpg 1536w, https:\/\/tamasikatalin.hu\/wp-content\/uploads\/2020\/08\/pakolas4-2048x1904.jpg 2048w, https:\/\/tamasikatalin.hu\/wp-content\/uploads\/2020\/08\/pakolas4-65x60.jpg 65w\" sizes=\"auto, (max-width: 300px) 100vw, 300px\" \/><\/figure>\n\n\n\n<figure class=\"wp-block-image size-medium\"><img loading=\"lazy\" decoding=\"async\" width=\"300\" height=\"188\" data-id=\"184\" src=\"https:\/\/tamasikatalin.hu\/wp-content\/uploads\/2020\/08\/arckezeles-1-300x188.jpg\" alt=\"\" class=\"wp-image-184\" srcset=\"https:\/\/tamasikatalin.hu\/wp-content\/uploads\/2020\/08\/arckezeles-1-300x188.jpg 300w, https:\/\/tamasikatalin.hu\/wp-content\/uploads\/2020\/08\/arckezeles-1-1024x640.jpg 1024w, https:\/\/tamasikatalin.hu\/wp-content\/uploads\/2020\/08\/arckezeles-1-768x480.jpg 768w, https:\/\/tamasikatalin.hu\/wp-content\/uploads\/2020\/08\/arckezeles-1-96x60.jpg 96w, https:\/\/tamasikatalin.hu\/wp-content\/uploads\/2020\/08\/arckezeles-1.jpg 1280w\" sizes=\"auto, (max-width: 300px) 100vw, 300px\" \/><\/figure>\n\n\n\n<figure class=\"wp-block-image size-medium\"><img loading=\"lazy\" decoding=\"async\" width=\"300\" height=\"200\" data-id=\"183\" src=\"https:\/\/tamasikatalin.hu\/wp-content\/uploads\/2020\/08\/szem-kezeles-300x200.jpg\" alt=\"\" class=\"wp-image-183\" srcset=\"https:\/\/tamasikatalin.hu\/wp-content\/uploads\/2020\/08\/szem-kezeles-300x200.jpg 300w, https:\/\/tamasikatalin.hu\/wp-content\/uploads\/2020\/08\/szem-kezeles-768x511.jpg 768w, https:\/\/tamasikatalin.hu\/wp-content\/uploads\/2020\/08\/szem-kezeles-90x60.jpg 90w, https:\/\/tamasikatalin.hu\/wp-content\/uploads\/2020\/08\/szem-kezeles-370x247.jpg 370w, https:\/\/tamasikatalin.hu\/wp-content\/uploads\/2020\/08\/szem-kezeles-776x517.jpg 776w, https:\/\/tamasikatalin.hu\/wp-content\/uploads\/2020\/08\/szem-kezeles.jpg 849w\" sizes=\"auto, (max-width: 300px) 100vw, 300px\" \/><\/figure>\n<\/figure>\n\n\n\n<p class=\"has-small-font-size\"><em>A Martina Gebhardt kozmetika sz\u00e9lesk\u00f6r\u0171 felhaszn\u00e1lhat\u00f3s\u00e1ga \u00e9s term\u00e9kv\u00e1laszt\u00e9ka r\u00e9v\u00e9n lehet\u0151s\u00e9gem ny\u00edlik, hogy vend\u00e9geim b\u0151r\u00e9t a b\u0151r\u00e1llapotnak megfelel\u0151en kezeljem. A k\u00fcl\u00f6nb\u00f6z\u0151 b\u0151r\u00e1llapotoknak megfelel\u0151 \u00e1pol\u00e1si term\u00e9kek \u00e9s hat\u00f3anyagok r\u00e9v\u00e9n hat\u00e9kony kozmetikai kezel\u00e9sekkel tudom vend\u00e9geim ig\u00e9nyeit kiel\u00e9g\u00edteni.<\/em><\/p>\n\n\n\n<figure class=\"wp-block-image size-full\"><img loading=\"lazy\" decoding=\"async\" width=\"920\" height=\"183\" src=\"https:\/\/tmp1.rocska.hu\/wp-content\/uploads\/2020\/08\/ginseng-hd.png\" alt=\"\" class=\"wp-image-265\" srcset=\"https:\/\/tamasikatalin.hu\/wp-content\/uploads\/2020\/08\/ginseng-hd.png 920w, https:\/\/tamasikatalin.hu\/wp-content\/uploads\/2020\/08\/ginseng-hd-300x60.png 300w, https:\/\/tamasikatalin.hu\/wp-content\/uploads\/2020\/08\/ginseng-hd-768x153.png 768w, https:\/\/tamasikatalin.hu\/wp-content\/uploads\/2020\/08\/ginseng-hd-302x60.png 302w\" sizes=\"auto, (max-width: 920px) 100vw, 920px\" \/><\/figure>\n\n\n\n<figure class=\"wp-block-table\"><table><tbody><tr><td><strong>Martina Gebhardt Friss\u00edt\u0151 kezel\u00e9s<\/strong> (kb. 1 \u00f3ra)<br>illatborogat\u00e1s, el\u0151tiszt\u00edt\u00e1s<br>peeling, toniz\u00e1l\u00e1s<br>arc- \u00e9s dekolt\u00e1zs massz\u00e1zs<br>szemh\u00e9j- \u00e9s ajak\u00e1pol\u00e1s<br>\u00e1sv\u00e1nyi maszk (b\u0151r\u00e1llapotnak megfelel\u0151en,individu\u00e1lisan kikeverve)<br>illatborogat\u00e1s, nappali \u00e1pol\u00e1s<\/td><td>23 500 Ft<\/td><\/tr><tr><td><strong>Martina Gebhardt Tiszt\u00edt\u00f3kezel\u00e9s kamaszoknak<\/strong> (kb. 1,5 \u00f3ra)<br>illatborogat\u00e1s, el\u0151tiszt\u00edt\u00e1s<br>peeling, toniz\u00e1l\u00e1s<br>szemh\u00e9j- \u00e9s ajak\u00e1pol\u00e1s<br>arcg\u0151z\u00f6l\u00e9s, k\u00e9zi tiszt\u00edt\u00e1s<br>\u00e1sv\u00e1nyi maszk<br>illatborogat\u00e1s, nappali \u00e1pol\u00e1s<\/td><td>21 000 Ft<\/td><\/tr><tr><td><strong>Martina Gebhardt Klasszikus arc- \u00e9s dekolt\u00e1zs kezel\u00e9s<\/strong> (kb. 1,5 -2 \u00f3ra)<br>illatborogat\u00e1s, el\u0151tiszt\u00edt\u00e1s<br>peeling, toniz\u00e1l\u00e1s<br>szemh\u00e9j- \u00e9s ajak\u00e1pol\u00e1s<br>g\u0151z\u00f6l\u00e9s, k\u00e9zi tiszt\u00edt\u00e1s<br>\u00e1sv\u00e1nyi maszk<br>arc- \u00e9s dekolt\u00e1zs massz\u00e1zs<br>illatborogat\u00e1s, nappali \u00e1pol\u00e1s<\/td><td>25 000 Ft<\/td><\/tr><tr><td><strong>Martina Gebhardt Exkluz\u00edv kezel\u00e9s<\/strong> (kb. 2,5 \u00f3ra)<br>l\u00e1bf\u00fcrd\u0151<br>l\u00e1b kr\u00e9mez\u00e9se<br>illatborogat\u00e1s, el\u0151tiszt\u00edt\u00e1s<br>peeling, toniz\u00e1l\u00e1s<br>szemh\u00e9j- \u00e9s ajak\u00e1pol\u00e1s<br>g\u0151z\u00f6l\u00e9s, k\u00e9zi tiszt\u00edt\u00e1s<br>\u00e1sv\u00e1nyi maszk<br>arc- \u00e9s dekolt\u00e1zs massz\u00e1zs<br>illatborogat\u00e1s, nappali \u00e1pol\u00e1s<\/td><td>30 000 Ft<\/td><\/tr><\/tbody><\/table><\/figure>\n","protected":false},"excerpt":{"rendered":"<p>A Martina Gebhardt kozmetika sz\u00e9lesk\u00f6r\u0171 felhaszn\u00e1lhat\u00f3s\u00e1ga \u00e9s term\u00e9kv\u00e1laszt\u00e9ka r\u00e9v\u00e9n lehet\u0151s\u00e9gem ny\u00edlik, hogy vend\u00e9geim b\u0151r\u00e9t a b\u0151r\u00e1llapotnak megfelel\u0151en kezeljem. A k\u00fcl\u00f6nb\u00f6z\u0151 b\u0151r\u00e1llapotoknak megfelel\u0151 \u00e1pol\u00e1si term\u00e9kek \u00e9s hat\u00f3anyagok r\u00e9v\u00e9n hat\u00e9kony kozmetikai kezel\u00e9sekkel &hellip; <\/p>\n","protected":false},"author":1,"featured_media":0,"parent":0,"menu_order":0,"comment_status":"closed","ping_status":"closed","template":"","meta":{"footnotes":""},"class_list":["post-60","page","type-page","status-publish","hentry"],"_links":{"self":[{"href":"https:\/\/tamasikatalin.hu\/index.php?rest_route=\/wp\/v2\/pages\/60","targetHints":{"allow":["GET"]}}],"collection":[{"href":"https:\/\/tamasikatalin.hu\/index.php?rest_route=\/wp\/v2\/pages"}],"about":[{"href":"https:\/\/tamasikatalin.hu\/index.php?rest_route=\/wp\/v2\/types\/page"}],"author":[{"embeddable":true,"href":"https:\/\/tamasikatalin.hu\/index.php?rest_route=\/wp\/v2\/users\/1"}],"replies":[{"embeddable":true,"href":"https:\/\/tamasikatalin.hu\/index.php?rest_route=%2Fwp%2Fv2%2Fcomments&post=60"}],"version-history":[{"count":35,"href":"https:\/\/tamasikatalin.hu\/index.php?rest_route=\/wp\/v2\/pages\/60\/revisions"}],"predecessor-version":[{"id":418,"href":"https:\/\/tamasikatalin.hu\/index.php?rest_route=\/wp\/v2\/pages\/60\/revisions\/418"}],"wp:attachment":[{"href":"https:\/\/tamasikatalin.hu\/index.php?rest_route=%2Fwp%2Fv2%2Fmedia&parent=60"}],"curies":[{"name":"wp","href":"https:\/\/api.w.org\/{rel}","templated":true}]}}

Martina Gebhardt kezelések

<figure class="wp-block-gallery aligncenter has-nested-images columns-default is-cropped wp-block-gallery-1 is-layout-flex wp-block-gallery-is-layout-flex">
<figure class="wp-block-image size-medium"><img loading="lazy" decoding="async" width="300" height="279" data-id="182" src="https://tamasikatalin.hu/wp-content/uploads/2020/08/pakolas4-300x279.jpg" alt="" class="wp-image-182" srcset="https://tamasikatalin.hu/wp-content/uploads/2020/08/pakolas4-300x279.jpg 300w, https://tamasikatalin.hu/wp-content/uploads/2020/08/pakolas4-1024x952.jpg 1024w, https://tamasikatalin.hu/wp-content/uploads/2020/08/pakolas4-768x714.jpg 768w, https://tamasikatalin.hu/wp-content/uploads/2020/08/pakolas4-1536x1428.jpg 1536w, https://tamasikatalin.hu/wp-content/uploads/2020/08/pakolas4-2048x1904.jpg 2048w, https://tamasikatalin.hu/wp-content/uploads/2020/08/pakolas4-65x60.jpg 65w" sizes="auto, (max-width: 300px) 100vw, 300px" /></figure>



<figure class="wp-block-image size-medium"><img loading="lazy" decoding="async" width="300" height="188" data-id="184" src="https://tamasikatalin.hu/wp-content/uploads/2020/08/arckezeles-1-300x188.jpg" alt="" class="wp-image-184" srcset="https://tamasikatalin.hu/wp-content/uploads/2020/08/arckezeles-1-300x188.jpg 300w, https://tamasikatalin.hu/wp-content/uploads/2020/08/arckezeles-1-1024x640.jpg 1024w, https://tamasikatalin.hu/wp-content/uploads/2020/08/arckezeles-1-768x480.jpg 768w, https://tamasikatalin.hu/wp-content/uploads/2020/08/arckezeles-1-96x60.jpg 96w, https://tamasikatalin.hu/wp-content/uploads/2020/08/arckezeles-1.jpg 1280w" sizes="auto, (max-width: 300px) 100vw, 300px" /></figure>



<figure class="wp-block-image size-medium"><img loading="lazy" decoding="async" width="300" height="200" data-id="183" src="https://tamasikatalin.hu/wp-content/uploads/2020/08/szem-kezeles-300x200.jpg" alt="" class="wp-image-183" srcset="https://tamasikatalin.hu/wp-content/uploads/2020/08/szem-kezeles-300x200.jpg 300w, https://tamasikatalin.hu/wp-content/uploads/2020/08/szem-kezeles-768x511.jpg 768w, https://tamasikatalin.hu/wp-content/uploads/2020/08/szem-kezeles-90x60.jpg 90w, https://tamasikatalin.hu/wp-content/uploads/2020/08/szem-kezeles-370x247.jpg 370w, https://tamasikatalin.hu/wp-content/uploads/2020/08/szem-kezeles-776x517.jpg 776w, https://tamasikatalin.hu/wp-content/uploads/2020/08/szem-kezeles.jpg 849w" sizes="auto, (max-width: 300px) 100vw, 300px" /></figure>
</figure>



<p class="has-small-font-size"><em>A Martina Gebhardt kozmetika széleskörű felhasználhatósága és termékválasztéka révén lehetőségem nyílik, hogy vendégeim bőrét a bőrállapotnak megfelelően kezeljem. A különböző bőrállapotoknak megfelelő ápolási termékek és hatóanyagok révén hatékony kozmetikai kezelésekkel tudom vendégeim igényeit kielégíteni.</em></p>



<figure class="wp-block-image size-full"><img loading="lazy" decoding="async" width="920" height="183" src="https://tmp1.rocska.hu/wp-content/uploads/2020/08/ginseng-hd.png" alt="" class="wp-image-265" srcset="https://tamasikatalin.hu/wp-content/uploads/2020/08/ginseng-hd.png 920w, https://tamasikatalin.hu/wp-content/uploads/2020/08/ginseng-hd-300x60.png 300w, https://tamasikatalin.hu/wp-content/uploads/2020/08/ginseng-hd-768x153.png 768w, https://tamasikatalin.hu/wp-content/uploads/2020/08/ginseng-hd-302x60.png 302w" sizes="auto, (max-width: 920px) 100vw, 920px" /></figure>



<figure class="wp-block-table"><table><tbody><tr><td><strong>Martina Gebhardt Frissítő kezelés</strong> (kb. 1 óra)<br>illatborogatás, előtisztítás<br>peeling, tonizálás<br>arc- és dekoltázs masszázs<br>szemhéj- és ajakápolás<br>ásványi maszk (bőrállapotnak megfelelően,individuálisan kikeverve)<br>illatborogatás, nappali ápolás</td><td>23 500 Ft</td></tr><tr><td><strong>Martina Gebhardt Tisztítókezelés kamaszoknak</strong> (kb. 1,5 óra)<br>illatborogatás, előtisztítás<br>peeling, tonizálás<br>szemhéj- és ajakápolás<br>arcgőzölés, kézi tisztítás<br>ásványi maszk<br>illatborogatás, nappali ápolás</td><td>21 000 Ft</td></tr><tr><td><strong>Martina Gebhardt Klasszikus arc- és dekoltázs kezelés</strong> (kb. 1,5 -2 óra)<br>illatborogatás, előtisztítás<br>peeling, tonizálás<br>szemhéj- és ajakápolás<br>gőzölés, kézi tisztítás<br>ásványi maszk<br>arc- és dekoltázs masszázs<br>illatborogatás, nappali ápolás</td><td>25 000 Ft</td></tr><tr><td><strong>Martina Gebhardt Exkluzív kezelés</strong> (kb. 2,5 óra)<br>lábfürdő<br>láb krémezése<br>illatborogatás, előtisztítás<br>peeling, tonizálás<br>szemhéj- és ajakápolás<br>gőzölés, kézi tisztítás<br>ásványi maszk<br>arc- és dekoltázs masszázs<br>illatborogatás, nappali ápolás</td><td>30 000 Ft</td></tr></tbody></table></figure>

<p>A Martina Gebhardt kozmetika széleskörű felhasználhatósága és termékválasztéka révén lehetőségem nyílik, hogy vendégeim bőrét a bőrállapotnak megfelelően kezeljem. A különböző bőrállapotoknak megfelelő ápolási termékek és hatóanyagok révén hatékony kozmetikai kezelésekkel &hellip; </p>
