{"id":62,"date":"2020-08-09T16:01:23","date_gmt":"2020-08-09T14:01:23","guid":{"rendered":"https:\/\/tmp1.rocska.hu\/?page_id=62"},"modified":"2020-08-21T09:16:43","modified_gmt":"2020-08-21T07:16:43","slug":"martina-gebhardt-termekcsaladok","status":"publish","type":"page","link":"https:\/\/tamasikatalin.hu\/?page_id=62","title":{"rendered":"Martina Gebhardt term\u00e9kcsal\u00e1dok"},"content":{"rendered":"\n<div class=\"wp-block-media-text alignwide has-media-on-the-right is-stacked-on-mobile\" style=\"grid-template-columns:auto 31%\"><figure class=\"wp-block-media-text__media\"><a href=\"http:\/\/harmadikpart.hu\/martina-gebhardt-nyito-oldal\" target=\"_blank\" rel=\"noopener noreferrer\"><img loading=\"lazy\" decoding=\"async\" width=\"640\" height=\"375\" src=\"https:\/\/tamasikatalin.hu\/wp-content\/uploads\/2020\/08\/rozsa_csoportkep.jpg\" alt=\"\" class=\"wp-image-338\" srcset=\"https:\/\/tamasikatalin.hu\/wp-content\/uploads\/2020\/08\/rozsa_csoportkep.jpg 640w, https:\/\/tamasikatalin.hu\/wp-content\/uploads\/2020\/08\/rozsa_csoportkep-300x176.jpg 300w, https:\/\/tamasikatalin.hu\/wp-content\/uploads\/2020\/08\/rozsa_csoportkep-102x60.jpg 102w\" sizes=\"auto, (max-width: 640px) 100vw, 640px\" \/><\/a><\/figure><div class=\"wp-block-media-text__content\">\n<p class=\"has-text-align-left\">R\u00f3zsa Term\u00e9kcsal\u00e1d<br>(Sz\u00e1raz, \u00e9rz\u00e9keny b\u0151rre)<\/p>\n<\/div><\/div>\n\n\n\n<hr class=\"wp-block-separator\"\/>\n\n\n\n<div class=\"wp-block-media-text alignwide has-media-on-the-right is-stacked-on-mobile\" style=\"grid-template-columns:auto 30%\"><figure class=\"wp-block-media-text__media\"><a href=\"http:\/\/harmadikpart.hu\/martina-gebhardt-nyito-oldal\" target=\"_blank\" rel=\"noopener noreferrer\"><img loading=\"lazy\" decoding=\"async\" width=\"640\" height=\"384\" src=\"https:\/\/tamasikatalin.hu\/wp-content\/uploads\/2020\/08\/zsalya_csoportkep.jpg\" alt=\"\" class=\"wp-image-344\" srcset=\"https:\/\/tamasikatalin.hu\/wp-content\/uploads\/2020\/08\/zsalya_csoportkep.jpg 640w, https:\/\/tamasikatalin.hu\/wp-content\/uploads\/2020\/08\/zsalya_csoportkep-300x180.jpg 300w, https:\/\/tamasikatalin.hu\/wp-content\/uploads\/2020\/08\/zsalya_csoportkep-100x60.jpg 100w\" sizes=\"auto, (max-width: 640px) 100vw, 640px\" \/><\/a><\/figure><div class=\"wp-block-media-text__content\">\n<p>Zs\u00e1lya Term\u00e9kcsal\u00e1d<br>(zs\u00edros, tiszt\u00edtalan b\u0151rre)<\/p>\n<\/div><\/div>\n\n\n\n<hr class=\"wp-block-separator\"\/>\n\n\n\n<div class=\"wp-block-media-text alignwide has-media-on-the-right is-stacked-on-mobile\" style=\"grid-template-columns:auto 28%\"><figure class=\"wp-block-media-text__media\"><a href=\"http:\/\/harmadikpart.hu\/martina-gebhardt-nyito-oldal\" target=\"_blank\" rel=\"noopener noreferrer\"><img loading=\"lazy\" decoding=\"async\" width=\"640\" height=\"384\" src=\"https:\/\/tamasikatalin.hu\/wp-content\/uploads\/2020\/08\/ginzeng_csoportkep.jpg\" alt=\"\" class=\"wp-image-332\" srcset=\"https:\/\/tamasikatalin.hu\/wp-content\/uploads\/2020\/08\/ginzeng_csoportkep.jpg 640w, https:\/\/tamasikatalin.hu\/wp-content\/uploads\/2020\/08\/ginzeng_csoportkep-300x180.jpg 300w, https:\/\/tamasikatalin.hu\/wp-content\/uploads\/2020\/08\/ginzeng_csoportkep-100x60.jpg 100w\" sizes=\"auto, (max-width: 640px) 100vw, 640px\" \/><\/a><\/figure><div class=\"wp-block-media-text__content\">\n<p>Ginzeng Term\u00e9kcsal\u00e1d<br>(Az ig\u00e9nybevett, regener\u00e1ci\u00f3ra szorul\u00f3 b\u0151rre)<\/p>\n<\/div><\/div>\n\n\n\n<hr class=\"wp-block-separator\"\/>\n\n\n\n<div class=\"wp-block-media-text alignwide has-media-on-the-right is-stacked-on-mobile\" style=\"grid-template-columns:auto 21%\"><figure class=\"wp-block-media-text__media\"><a href=\"http:\/\/harmadikpart.hu\/martina-gebhardt-nyito-oldal\" target=\"_blank\" rel=\"noopener noreferrer\"><img loading=\"lazy\" decoding=\"async\" width=\"640\" height=\"433\" src=\"https:\/\/tamasikatalin.hu\/wp-content\/uploads\/2020\/08\/shea_csoportkep.jpg\" alt=\"\" class=\"wp-image-339\" srcset=\"https:\/\/tamasikatalin.hu\/wp-content\/uploads\/2020\/08\/shea_csoportkep.jpg 640w, https:\/\/tamasikatalin.hu\/wp-content\/uploads\/2020\/08\/shea_csoportkep-300x203.jpg 300w, https:\/\/tamasikatalin.hu\/wp-content\/uploads\/2020\/08\/shea_csoportkep-89x60.jpg 89w, https:\/\/tamasikatalin.hu\/wp-content\/uploads\/2020\/08\/shea_csoportkep-480x324.jpg 480w\" sizes=\"auto, (max-width: 640px) 100vw, 640px\" \/><\/a><\/figure><div class=\"wp-block-media-text__content\">\n<p>Sheavaj Term\u00e9kcsal\u00e1d<br>(Az \u00e9rz\u00e9keny, allergi\u00e1ra hajlamos b\u0151rre)<\/p>\n<\/div><\/div>\n\n\n\n<hr class=\"wp-block-separator\"\/>\n\n\n\n<div class=\"wp-block-media-text alignwide has-media-on-the-right is-stacked-on-mobile\" style=\"grid-template-columns:auto 21%\"><figure class=\"wp-block-media-text__media\"><a href=\"http:\/\/harmadikpart.hu\/martina-gebhardt-nyito-oldal\" target=\"_blank\" rel=\"noopener noreferrer\"><img loading=\"lazy\" decoding=\"async\" width=\"640\" height=\"321\" src=\"https:\/\/tamasikatalin.hu\/wp-content\/uploads\/2020\/08\/ha_csoportkep.jpg\" alt=\"\" class=\"wp-image-333\" srcset=\"https:\/\/tamasikatalin.hu\/wp-content\/uploads\/2020\/08\/ha_csoportkep.jpg 640w, https:\/\/tamasikatalin.hu\/wp-content\/uploads\/2020\/08\/ha_csoportkep-300x150.jpg 300w, https:\/\/tamasikatalin.hu\/wp-content\/uploads\/2020\/08\/ha_csoportkep-120x60.jpg 120w\" sizes=\"auto, (max-width: 640px) 100vw, 640px\" \/><\/a><\/figure><div class=\"wp-block-media-text__content\">\n<p>Happy Aging Term\u00e9kcsal\u00e1d<br>(Az ig\u00e9nyes, \u00e9rett b\u0151rre)<\/p>\n<\/div><\/div>\n\n\n\n<hr class=\"wp-block-separator\"\/>\n\n\n\n<div class=\"wp-block-media-text alignwide has-media-on-the-right is-stacked-on-mobile\" style=\"grid-template-columns:auto 21%\"><figure class=\"wp-block-media-text__media\"><a href=\"http:\/\/harmadikpart.hu\/martina-gebhardt-nyito-oldal\" target=\"_blank\" rel=\"noopener noreferrer\"><img loading=\"lazy\" decoding=\"async\" width=\"640\" height=\"384\" src=\"https:\/\/tamasikatalin.hu\/wp-content\/uploads\/2020\/08\/wu_csoportkep.jpg\" alt=\"\" class=\"wp-image-342\" srcset=\"https:\/\/tamasikatalin.hu\/wp-content\/uploads\/2020\/08\/wu_csoportkep.jpg 640w, https:\/\/tamasikatalin.hu\/wp-content\/uploads\/2020\/08\/wu_csoportkep-300x180.jpg 300w, https:\/\/tamasikatalin.hu\/wp-content\/uploads\/2020\/08\/wu_csoportkep-100x60.jpg 100w\" sizes=\"auto, (max-width: 640px) 100vw, 640px\" \/><\/a><\/figure><div class=\"wp-block-media-text__content\">\n<p>Wild Utah F\u00e9rfi b\u0151r\u00e1pol\u00e1s<br>(F\u00e9rfi b\u0151r\u00e1pol\u00e1s, b\u0151rregener\u00e1l\u00e1s)<\/p>\n<\/div><\/div>\n\n\n\n<hr class=\"wp-block-separator\"\/>\n\n\n\n<div class=\"wp-block-media-text alignwide has-media-on-the-right is-stacked-on-mobile\" style=\"grid-template-columns:auto 22%\"><figure class=\"wp-block-media-text__media\"><a href=\"http:\/\/harmadikpart.hu\/martina-gebhardt-nyito-oldal\" target=\"_blank\" rel=\"noopener noreferrer\"><img loading=\"lazy\" decoding=\"async\" width=\"639\" height=\"475\" src=\"https:\/\/tamasikatalin.hu\/wp-content\/uploads\/2020\/08\/young_csoportkep.jpg\" alt=\"\" class=\"wp-image-343\" srcset=\"https:\/\/tamasikatalin.hu\/wp-content\/uploads\/2020\/08\/young_csoportkep.jpg 639w, https:\/\/tamasikatalin.hu\/wp-content\/uploads\/2020\/08\/young_csoportkep-300x223.jpg 300w, https:\/\/tamasikatalin.hu\/wp-content\/uploads\/2020\/08\/young_csoportkep-81x60.jpg 81w, https:\/\/tamasikatalin.hu\/wp-content\/uploads\/2020\/08\/young_csoportkep-110x83.jpg 110w\" sizes=\"auto, (max-width: 639px) 100vw, 639px\" \/><\/a><\/figure><div class=\"wp-block-media-text__content\">\n<p>Young&amp;Active Term\u00e9kcsal\u00e1d<br>(A fiatal, kevert b\u0151rre)<\/p>\n<\/div><\/div>\n\n\n\n<hr class=\"wp-block-separator\"\/>\n\n\n\n<div class=\"wp-block-media-text alignwide has-media-on-the-right is-stacked-on-mobile\" style=\"grid-template-columns:auto 23%\"><figure class=\"wp-block-media-text__media\"><a href=\"http:\/\/harmadikpart.hu\/martina-gebhardt-nyito-oldal\" target=\"_blank\" rel=\"noopener noreferrer\"><img loading=\"lazy\" decoding=\"async\" width=\"640\" height=\"416\" src=\"https:\/\/tamasikatalin.hu\/wp-content\/uploads\/2020\/08\/hm_csoportkep.jpg\" alt=\"\" class=\"wp-image-334\" srcset=\"https:\/\/tamasikatalin.hu\/wp-content\/uploads\/2020\/08\/hm_csoportkep.jpg 640w, https:\/\/tamasikatalin.hu\/wp-content\/uploads\/2020\/08\/hm_csoportkep-300x195.jpg 300w, https:\/\/tamasikatalin.hu\/wp-content\/uploads\/2020\/08\/hm_csoportkep-92x60.jpg 92w\" sizes=\"auto, (max-width: 640px) 100vw, 640px\" \/><\/a><\/figure><div class=\"wp-block-media-text__content\">\n<p>Happy Mum Kismama \u00c1pol\u00e1s<br>(V\u00e1rand\u00f3s anyuk\u00e1k speci\u00e1lis \u00e1pol\u00e1sa)<\/p>\n<\/div><\/div>\n\n\n\n<hr class=\"wp-block-separator\"\/>\n\n\n\n<div class=\"wp-block-media-text alignwide has-media-on-the-right is-stacked-on-mobile\" style=\"grid-template-columns:auto 23%\"><figure class=\"wp-block-media-text__media\"><a href=\"http:\/\/harmadikpart.hu\/martina-gebhardt-nyito-oldal\" target=\"_blank\" rel=\"noopener noreferrer\"><img loading=\"lazy\" decoding=\"async\" width=\"374\" height=\"374\" src=\"https:\/\/tamasikatalin.hu\/wp-content\/uploads\/2020\/08\/calendula_csoportkep.jpg\" alt=\"\" class=\"wp-image-331\" srcset=\"https:\/\/tamasikatalin.hu\/wp-content\/uploads\/2020\/08\/calendula_csoportkep.jpg 374w, https:\/\/tamasikatalin.hu\/wp-content\/uploads\/2020\/08\/calendula_csoportkep-300x300.jpg 300w, https:\/\/tamasikatalin.hu\/wp-content\/uploads\/2020\/08\/calendula_csoportkep-150x150.jpg 150w, https:\/\/tamasikatalin.hu\/wp-content\/uploads\/2020\/08\/calendula_csoportkep-60x60.jpg 60w\" sizes=\"auto, (max-width: 374px) 100vw, 374px\" \/><\/a><\/figure><div class=\"wp-block-media-text__content\">\n<p>Calendula baba \u00e9s gyermek b\u0151r\u00e1pol\u00e1s<br>(Bab\u00e1k \u00e9s az eg\u00e9sz csal\u00e1d r\u00e9sz\u00e9re)<\/p>\n<\/div><\/div>\n\n\n\n<hr class=\"wp-block-separator\"\/>\n\n\n\n<div class=\"wp-block-media-text alignwide has-media-on-the-right is-stacked-on-mobile\" style=\"grid-template-columns:auto 25%\"><figure class=\"wp-block-media-text__media\"><a href=\"http:\/\/harmadikpart.hu\/martina-gebhardt-nyito-oldal\" target=\"_blank\" rel=\"noopener noreferrer\"><img loading=\"lazy\" decoding=\"async\" width=\"640\" height=\"198\" src=\"https:\/\/tamasikatalin.hu\/wp-content\/uploads\/2020\/08\/spec_arcapolas_csoportkep.jpg\" alt=\"\" class=\"wp-image-340\" srcset=\"https:\/\/tamasikatalin.hu\/wp-content\/uploads\/2020\/08\/spec_arcapolas_csoportkep.jpg 640w, https:\/\/tamasikatalin.hu\/wp-content\/uploads\/2020\/08\/spec_arcapolas_csoportkep-300x93.jpg 300w, https:\/\/tamasikatalin.hu\/wp-content\/uploads\/2020\/08\/spec_arcapolas_csoportkep-194x60.jpg 194w\" sizes=\"auto, (max-width: 640px) 100vw, 640px\" \/><\/a><\/figure><div class=\"wp-block-media-text__content\">\n<p>Speci\u00e1lis arc\u00e1pol\u00e1s test\u00e1pol\u00e1si term\u00e9kek<br>(Egyedi b\u0151rprobl\u00e9m\u00e1k kezel\u00e9s\u00e9re)<\/p>\n<\/div><\/div>\n\n\n\n<hr class=\"wp-block-separator\"\/>\n\n\n\n<div class=\"wp-block-media-text alignwide has-media-on-the-right is-stacked-on-mobile\" style=\"grid-template-columns:auto 28%\"><figure class=\"wp-block-media-text__media\"><a href=\"http:\/\/harmadikpart.hu\/martina-gebhardt-nyito-oldal\" target=\"_blank\" rel=\"noopener noreferrer\"><img loading=\"lazy\" decoding=\"async\" width=\"640\" height=\"128\" src=\"https:\/\/tamasikatalin.hu\/wp-content\/uploads\/2020\/08\/kiegeszito_apolas_csoportkep.jpg\" alt=\"\" class=\"wp-image-335\" srcset=\"https:\/\/tamasikatalin.hu\/wp-content\/uploads\/2020\/08\/kiegeszito_apolas_csoportkep.jpg 640w, https:\/\/tamasikatalin.hu\/wp-content\/uploads\/2020\/08\/kiegeszito_apolas_csoportkep-300x60.jpg 300w\" sizes=\"auto, (max-width: 640px) 100vw, 640px\" \/><\/a><\/figure><div class=\"wp-block-media-text__content\">\n<p>Kieg\u00e9sz\u00edt\u0151 \u00e1pol\u00e1s<br>(ajak-, szem, k\u00e9z, k\u00f6r\u00f6m \u00e1pol\u00e1s)<\/p>\n<\/div><\/div>\n\n\n\n<hr class=\"wp-block-separator\"\/>\n\n\n\n<div class=\"wp-block-media-text alignwide has-media-on-the-right is-stacked-on-mobile\" style=\"grid-template-columns:auto 29%\"><figure class=\"wp-block-media-text__media\"><a href=\"http:\/\/harmadikpart.hu\/martina-gebhardt-nyito-oldal\" target=\"_blank\" rel=\"noopener noreferrer\"><img loading=\"lazy\" decoding=\"async\" width=\"640\" height=\"359\" src=\"https:\/\/tamasikatalin.hu\/wp-content\/uploads\/2020\/08\/masszazsolaj_csoportkep.jpg\" alt=\"\" class=\"wp-image-336\" srcset=\"https:\/\/tamasikatalin.hu\/wp-content\/uploads\/2020\/08\/masszazsolaj_csoportkep.jpg 640w, https:\/\/tamasikatalin.hu\/wp-content\/uploads\/2020\/08\/masszazsolaj_csoportkep-300x168.jpg 300w, https:\/\/tamasikatalin.hu\/wp-content\/uploads\/2020\/08\/masszazsolaj_csoportkep-107x60.jpg 107w\" sizes=\"auto, (max-width: 640px) 100vw, 640px\" \/><\/a><\/figure><div class=\"wp-block-media-text__content\">\n<p>Massz\u00e1zsolajok<br>(Test\u00e1pol\u00f3 \u00e9s massz\u00e1zsolajok)<\/p>\n<\/div><\/div>\n\n\n\n<hr class=\"wp-block-separator\"\/>\n\n\n\n<div class=\"wp-block-media-text alignwide has-media-on-the-right is-stacked-on-mobile\" style=\"grid-template-columns:auto 32%\"><figure class=\"wp-block-media-text__media\"><a href=\"http:\/\/harmadikpart.hu\/martina-gebhardt-nyito-oldal\" target=\"_blank\" rel=\"noopener noreferrer\"><img loading=\"lazy\" decoding=\"async\" width=\"638\" height=\"326\" src=\"https:\/\/tamasikatalin.hu\/wp-content\/uploads\/2020\/08\/wellness_csoportkep.jpg\" alt=\"\" class=\"wp-image-341\" srcset=\"https:\/\/tamasikatalin.hu\/wp-content\/uploads\/2020\/08\/wellness_csoportkep.jpg 638w, https:\/\/tamasikatalin.hu\/wp-content\/uploads\/2020\/08\/wellness_csoportkep-300x153.jpg 300w, https:\/\/tamasikatalin.hu\/wp-content\/uploads\/2020\/08\/wellness_csoportkep-117x60.jpg 117w\" sizes=\"auto, (max-width: 638px) 100vw, 638px\" \/><\/a><\/figure><div class=\"wp-block-media-text__content\">\n<p>Wellnes &amp; Spa<br>(Relax\u00e1l\u00f3 \u00e1pol\u00e1s)<\/p>\n<\/div><\/div>\n\n\n\n<hr class=\"wp-block-separator\"\/>\n\n\n\n<div class=\"wp-block-media-text alignwide has-media-on-the-right is-stacked-on-mobile\" style=\"grid-template-columns:auto 34%\"><figure class=\"wp-block-media-text__media\"><a href=\"http:\/\/harmadikpart.hu\/martina-gebhardt-nyito-oldal\" target=\"_blank\" rel=\"noopener noreferrer\"><img loading=\"lazy\" decoding=\"async\" width=\"640\" height=\"384\" src=\"https:\/\/tamasikatalin.hu\/wp-content\/uploads\/2020\/08\/baobab_csoportkep.jpg\" alt=\"\" class=\"wp-image-330\" srcset=\"https:\/\/tamasikatalin.hu\/wp-content\/uploads\/2020\/08\/baobab_csoportkep.jpg 640w, https:\/\/tamasikatalin.hu\/wp-content\/uploads\/2020\/08\/baobab_csoportkep-300x180.jpg 300w, https:\/\/tamasikatalin.hu\/wp-content\/uploads\/2020\/08\/baobab_csoportkep-100x60.jpg 100w\" sizes=\"auto, (max-width: 640px) 100vw, 640px\" \/><\/a><\/figure><div class=\"wp-block-media-text__content\">\n<p>Baobab l\u00e1b\u00e1pol\u00e1s<br>(Speci\u00e1lis l\u00e1b\u00e1pol\u00e1s)<\/p>\n<\/div><\/div>\n\n\n\n<hr class=\"wp-block-separator\"\/>\n\n\n\n<div class=\"wp-block-media-text alignwide has-media-on-the-right is-stacked-on-mobile\" style=\"grid-template-columns:auto 33%\"><figure class=\"wp-block-media-text__media\"><a href=\"http:\/\/harmadikpart.hu\/martina-gebhardt-nyito-oldal\" target=\"_blank\" rel=\"noopener noreferrer\"><img loading=\"lazy\" decoding=\"async\" width=\"640\" height=\"427\" src=\"https:\/\/tamasikatalin.hu\/wp-content\/uploads\/2020\/08\/rozsa_ajandek_csoportkep.jpg\" alt=\"\" class=\"wp-image-337\" srcset=\"https:\/\/tamasikatalin.hu\/wp-content\/uploads\/2020\/08\/rozsa_ajandek_csoportkep.jpg 640w, https:\/\/tamasikatalin.hu\/wp-content\/uploads\/2020\/08\/rozsa_ajandek_csoportkep-300x200.jpg 300w, https:\/\/tamasikatalin.hu\/wp-content\/uploads\/2020\/08\/rozsa_ajandek_csoportkep-90x60.jpg 90w, https:\/\/tamasikatalin.hu\/wp-content\/uploads\/2020\/08\/rozsa_ajandek_csoportkep-370x247.jpg 370w\" sizes=\"auto, (max-width: 640px) 100vw, 640px\" \/><\/a><\/figure><div class=\"wp-block-media-text__content\">\n<p>Aj\u00e1nd\u00e9kcsomagok<br>(Arc\u00e1pol\u00e1si k\u00e9sz\u00edtm\u00e9nyek aj\u00e1nd\u00e9kk\u00e9nt \u00e9s utaz\u00e1shoz)<\/p>\n<\/div><\/div>\n","protected":false},"excerpt":{"rendered":"<p>R\u00f3zsa Term\u00e9kcsal\u00e1d(Sz\u00e1raz, \u00e9rz\u00e9keny b\u0151rre) Zs\u00e1lya Term\u00e9kcsal\u00e1d(zs\u00edros, tiszt\u00edtalan b\u0151rre) Ginzeng Term\u00e9kcsal\u00e1d(Az ig\u00e9nybevett, regener\u00e1ci\u00f3ra szorul\u00f3 b\u0151rre) Sheavaj Term\u00e9kcsal\u00e1d(Az \u00e9rz\u00e9keny, allergi\u00e1ra hajlamos b\u0151rre) Happy Aging Term\u00e9kcsal\u00e1d(Az ig\u00e9nyes, \u00e9rett b\u0151rre) Wild Utah F\u00e9rfi b\u0151r\u00e1pol\u00e1s(F\u00e9rfi &hellip; <\/p>\n","protected":false},"author":2,"featured_media":0,"parent":0,"menu_order":0,"comment_status":"closed","ping_status":"closed","template":"","meta":{"footnotes":""},"class_list":["post-62","page","type-page","status-publish","hentry"],"_links":{"self":[{"href":"https:\/\/tamasikatalin.hu\/index.php?rest_route=\/wp\/v2\/pages\/62","targetHints":{"allow":["GET"]}}],"collection":[{"href":"https:\/\/tamasikatalin.hu\/index.php?rest_route=\/wp\/v2\/pages"}],"about":[{"href":"https:\/\/tamasikatalin.hu\/index.php?rest_route=\/wp\/v2\/types\/page"}],"author":[{"embeddable":true,"href":"https:\/\/tamasikatalin.hu\/index.php?rest_route=\/wp\/v2\/users\/2"}],"replies":[{"embeddable":true,"href":"https:\/\/tamasikatalin.hu\/index.php?rest_route=%2Fwp%2Fv2%2Fcomments&post=62"}],"version-history":[{"count":5,"href":"https:\/\/tamasikatalin.hu\/index.php?rest_route=\/wp\/v2\/pages\/62\/revisions"}],"predecessor-version":[{"id":349,"href":"https:\/\/tamasikatalin.hu\/index.php?rest_route=\/wp\/v2\/pages\/62\/revisions\/349"}],"wp:attachment":[{"href":"https:\/\/tamasikatalin.hu\/index.php?rest_route=%2Fwp%2Fv2%2Fmedia&parent=62"}],"curies":[{"name":"wp","href":"https:\/\/api.w.org\/{rel}","templated":true}]}}